 divided by 3940.
191
Calculate the remainder when 105937 is divided by 1140.
1057
What is the remainder when 6413728 is divided by 168?
160
What is the remainder when 104677977 is divided by 30?
27
What is the remainder when 297440 is divided by 251?
5
Calculate the remainder when 17161843 is divided by 6149.
6133
What is the remainder when 215259631 is divided by 2341?
2340
Calculate the remainder when 3769144 is divided by 163875.
19
What is the remainder when 70834 is divided by 5555?
4174
What is the remainder when 356655 is divided by 68?
63
Calculate the remainder when 1277509965 is divided by 21.
18
What is the remainder when 110314 is divided by 27517?
246
What is the remainder when 139740352 is divided by 117?
115
Calculate the remainder when 24297302 is divided by 377.
29
What is the remainder when 54676 is divided by 50033?
4643
What is the remainder when 120614987 is divided by 79?
78
What is the remainder when 156259 is divided by 25964?
475
What is the remainder when 101378372 is divided by 5715?
5702
Calculate the remainder when 10313391 is divided by 606670.
1
Calculate the remainder when 161575 is divided by 176.
7
Calculate the remainder when 27458654 is divided by 154.
146
What is the remainder when 117886962 is divided by 39295651?
9
Calculate the remainder when 7128673 is divided by 1408.
1377
Calculate the remainder when 4561035 is divided by 303.
279
Calculate the remainder when 10873192 is divided by 5436565.
62
Calculate the remainder when 315919 is divided by 104066.
3721
Calculate the remainder when 136816797 is divided by 353.
351
Calculate the remainder when 2187773 is divided by 65.
3
What is the remainder when 218857 is divided by 216564?
2293
What is the remainder when 154025 is divided by 11847?
14
What is the remainder when 96005 is divided by 47748?
509
Calculate the remainder when 25998759 is divided by 20.
19
Calculate the remainder when 87645 is divided by 21755.
625
Calculate the remainder when 695316 is divided by 62.
48
Calculate the remainder when 3056371 is divided by 37732.
79
Calculate the remainder when 1025631 is divided by 65.
61
Calculate the remainder when 1771197 is divided by 8.
5
Calculate the remainder when 17511584 is divided by 11.
2
Calculate the remainder when 22946 is divided by 20512.
2434
Calculate the remainder when 976435 is divided by 5166.
61
What is the remainder when 502233 is divided by 125312?
985
What is the remainder when 17110741 is divided by 712947?
13
Calculate the remainder when 205595208 is divided by 239.
238
What is the remainder when 638384 is divided by 7089?
374
What is the remainder when 52053912 is divided by 6428?
6396
What is the remainder when 30841709 is divided by 8822?
8819
Calculate the remainder when 26461942 is divided by 5.
2
What is the remainder when 385347 is divided by 123?
111
What is the remainder when 5900866 is divided by 94?
16
What is the remainder when 608099 is divided by 232?
27
Calculate the remainder when 38171 is divided by 12717.
20
What is the remainder when 4257443 is divided by 26609?
3
What is the remainder when 72149396 is divided by 309654?
14
Calculate the remainder when 4131982 is divided by 10960.
62
Calculate the remainder when 831192 is divided by 7302.
6066
What is the remainder when 1892989 is divided by 127?
54
Calculate the remainder when 216799 is divided by 26926.
1391
What is the remainder when 1169519 is divided by 264?
263
Calculate the remainder when 4438043 is divided by 113793.
116
Calculate the remainder when 518641 is divided by 25932.
1
Calculate the remainder when 49172521 is divided by 7778.
5
What is the remainder when 3066704 is divided by 18474?
20
What is the remainder when 1556681 is divided by 172963?
14
Calculate the remainder when 313389 is divided by 39152.
173
What is the remainder when 15982 is divided by 310?
172
Calculate the remainder when 31765302 is divided by 30.
12
What is the remainder when 13553367 is divided by 18?
15
Calculate the remainder when 4430518 is divided by 15711.
16
Calculate the remainder when 351295 is divided by 206.
65
Calculate the remainder when 57261 is divided by 1740.
1581
Calculate the remainder when 81214 is divided by 64.
62
What is the remainder when 40787566 is divided by 4494?
22
What is the remainder when 502414 is divided by 859?
758
Calculate the remainder when 17889 is divided by 17866.
23
What is the remainder when 137156 is divided by 5483?
81
Calculate the remainder when 18206420 is divided by 299.
11
Calculate the remainder when 642217 is divided by 642141.
76
What is the remainder when 2041400 is divided by 2672?
2664
Calculate the remainder when 43436 is divided by 44.
8
Calculate the remainder when 717756 is divided by 47846.
66
Calculate the remainder when 35899715 is divided by 1537.
6
What is the remainder when 3255881 is divided by 58?
51
Calculate the remainder when 104753 is divided by 598.
103
What is the remainder when 3807 is divided by 1035?
702
Calculate the remainder when 4034794 is divided by 166.
164
Calculate the remainder when 413681862 is divided by 46.
44
Calculate the remainder when 488444 is divided by 39.
8
What is the remainder when 5238705 is divided by 5795?
25
What is the remainder when 1727421 is divided by 345481?
16
Calculate the remainder when 8704649 is divided by 966.
23
What is the remainder when 100453 is divided by 489?
208
What is the remainder when 10086979 is divided by 480332?
7
What is the remainder when 166151 is divided by 2856?
503
Calculate the remainder when 396896 is divided by 23338.
150
What is the remainder when 20045350 is divided by 20?
10
Calculate the remainder when 495475 is divided by 965.
430
Calculate the remainder when 388400786 is divided by 87.
74
What is the remainder when 134069 is divided by 5153?
91
What is the remainder when 11494767 is divided by 5?
2
What is the remainder when 7227383 is divided by 73?
18
Calculate the remainder when 309815 is divided by 229.
207
Calculate the remainder when 9801021 is divided by 4852.
4833
Calculate the remainder when 21602657 is divided by 6649.
56
Calculate the remainder when 1308232 is divided by 109.
14
Calculate the remainder when 1909750 is divided by 7021.
38
Calculate the remainder when 1154241 is divided by 709.
698
Calculate the remainder when 244205 is divided by 81395.
20
Calculate the remainder when 15497030 is divided by 14.
10
What is the remainder when 2264132 is divided by 1157?
1040
Calculate the remainder when 5973503 is divided by 768.
767
What is the remainder when 815800 is divided by 83?
76
What is the remainder when 173821 is divided by 1552?
1549
Calculate the remainder when 28705059 is divided by 1235.
1189
Calculate the remainder when 339504 is divided by 13040.
464
What is the remainder when 65307 is divided by 3261?
87
What is the remainder when 12650089 is divided by 1591?
48
What is the remainder when 399220 is divided by 199583?
54
Calculate the remainder when 5610731 is divided by 1045.
126
Calculate the remainder when 38446 is divided by 966.
772
Calculate the remainder when 16935830 is divided by 25.
5
Calculate the remainder when 4657693 is divided by 115.
78
What is the remainder when 335110 is divided by 23930?
90
What is the remainder when 57900916 is divided by 851484?
4
What is the remainder when 19952904 is divided by 605?
4
What is the remainder when 13939 is divided by 2740?
239
What is the remainder when 58990 is divided by 19658?
16
Calculate the remainder when 243032341 is divided by 121516165.
11
Calculate the remainder when 34899 is divided by 5026.
4743
What is the remainder when 1190241 is divided by 7533?
27
Calculate the remainder when 26463228 is divided by 1202.
1198
Calculate the remainder when 1345018 is divided by 224168.
10
What is the remainder when 1111080 is divided by 44438?
130
Calculate the remainder when 3598775 is divided by 3598762.
13
Calculate the remainder when 16603789 is divided by 146936.
21
Calculate the remainder when 3820846 is divided by 1521.
94
What is the remainder when 8440359 is divided by 13483?
1
Calculate the remainder when 105554 is divided by 1789.
3
What is the remainder when 16548923 is divided by 7214?
7
What is the remainder when 4416194 is divided by 32